). What is the greatest common factor of h and 9?
9
Let c = -41 + 47. Let m be 15/c*36/90. Calculate the highest common divisor of 1 and m.
1
Suppose 0 = 5*c - 5*d - 25, d + 18 = 5*c + 1. Let g be 5 - c - 4*-32. Calculate the greatest common factor of 13 and g.
13
Suppose 6*i + 30*i - 33814 = 36026. Calculate the highest common divisor of 100 and i.
20
Let j be 70/(-14) + (0 - 2). Let b be (-8 - j)/(1/3). Let s be (-2)/((-1)/b*-1). Calculate the highest common factor of s and 12.
6
Let l be 17/(((-6)/(-48))/((-2)/8)). Let i = l - -186. What is the greatest common divisor of 16 and i?
8
Suppose -b - 4 + 8 = 0. Let v be (-1)/((-16)/(-96))*(-2)/4. What is the highest common divisor of v and b?
1
Suppose 2*j - 1784 = -3*d, 0 = -2*d - 4*j + 1079 + 105. What is the highest common factor of 4 and d?
4
Suppose 587*b - 503496 = 101*b. What is the highest common factor of 15799 and b?
259
Let b = 6 + -3. Let z(d) = 3*d - 103. Let g be z(35). Suppose 2*l = 5*p + 69, 2*l + 5*p - 93 = -g*l. Calculate the greatest common divisor of l and b.
3
Let c be -1 + 80/3 - 14/21. Suppose 0 = -5*z - c, 2*z + 27 = 4*g - 103. Let u be 15*(14/g - 4/(-20)). What is the highest common factor of 25 and u?
5
Suppose -3*m + 1496 = -l, 3*l - 713 = -2*m + 277. Let u = m - 400. Let b be -16*(0 + 7/(-4)). Calculate the greatest common factor of b and u.
14
Suppose 4*f - 323 = -4*a + 189, f = 5*a - 664. What is the greatest common factor of a and 216?
12
Let h be (-17 + 16)*2*(-8)/4. Suppose -2*g - g = -5*t - 3, 0 = 5*g + h*t - 5. What is the highest common divisor of 4 and g?
1
Suppose -5*y - 1000 = -5*a, -9*a + 2*y = a - 2000. What is the greatest common divisor of 3475 and a?
25
Let s = 1835 - 1807. Let z = 295 - 169. Calculate the highest common factor of s and z.
14
Suppose 0 = 2*w + 12, 5*w - 6633 = -f - 1465. What is the highest common factor of 46 and f?
46
Let b(u) = 4 + 14 + 14 + 15*u + 6 + 30. Let w be b(-4). Let o(h) = -h**2 - 6*h - 4. Let s be o(-5). Calculate the highest common factor of w and s.
1
Suppose 5*n - 68 - 17 = 0. Suppose -5*s + 3*p = 350, 2*s - 2*p + 178 = 34. Let h = s - -84. Calculate the highest common factor of n and h.
17
Let f be 4*4/(-40) - 257064/(-60). Suppose 0 = 200*k - 207*k + f. What is the highest common divisor of 36 and k?
36
Let k = 16 - 13. Suppose -k*o + 5*w + 92 = 0, 5*o - 3*o - 73 = w. What is the greatest common divisor of o and 3?
3
Suppose 3*h + 14 = 59. What is the greatest common factor of 605 and h?
5
Suppose 0 = 5*z - 4*z - 2*h - 28, 3*z - 82 = 5*h. Suppose 3*y - 4*s - 54 = 0, 18 = y + s + s. Calculate the greatest common divisor of z and y.
6
Let z be (-47)/(517/(-2178))*(-1)/(-2). What is the highest common divisor of z and 9405?
99
Let h = -150314 - -150413. Let s be 4/(-18) + 328/18. Calculate the highest common divisor of s and h.
9
Let b be 6/10*(-85)/(-1). Suppose -k = 0, 0*k - 5*k + 1 = v - 50. What is the highest common factor of v and b?
51
Let w be ((-280)/(-50))/((-364)/(-120) + -3). Calculate the highest common factor of w and 483.
21
Suppose 0 = -4*l + l + 5*w - 46, 3*w + 20 = -5*l. Let t be 2 + -7*1 + 21 + -21. Let q be (-2)/(t - l)*-126. Calculate the greatest common divisor of 18 and q.
18
Let g(p) = 5*p**3 - 55*p**2 - 18*p - 32. Let n be g(12). What is the greatest common factor of n and 1239?
59
Let v = -1552 + 1047. Let p = v + 569. Calculate the highest common factor of p and 736.
32
Let n(o) = o**3 - 10*o**2 + 7*o + 10. Let g be n(10). Let l be (-22)/(-2 + 156/g). What is the greatest common divisor of l and 40?
40
Let i(g) = -g**2 + 12*g + 1. Let x be i(9). Suppose s = 3*q - 0*s - 91, 148 = 5*q + 2*s. Suppose 26*y = q*y - 56. What is the highest common factor of y and x?
14
Suppose -18*i + 20 = -16*i. Let g = i - -5. Let c be 2/(-4) - 22/(-4). What is the highest common factor of c and g?
5
Let r = 395 + -83. Let k = -307 + r. Calculate the highest common divisor of 355 and k.
5
Suppose 0 = -3*o - 5*c - 343, -5*o - 3*c - 461 = -o. Let z = o + 83. Let g be 1*((-90)/(-27))/((-2)/z). Calculate the greatest common factor of 5 and g.
5
Let i(t) = -10*t**3 + 61*t**2 + 2*t + 24. Let c be i(6). Suppose 0*r - 8 = -4*r. Suppose q + 8 = r*q. Calculate the highest common divisor of q and c.
8
Let l(b) = -4*b**2 + 34*b - 1. Let m be l(14). Let c be m/(-9) - (-24)/36. Calculate the greatest common factor of 280 and c.
35
Suppose -8*o + 2428 = -484. Suppose -o = -0*l - 2*l. What is the greatest common divisor of 14 and l?
14
Suppose 4*x = 43925 + 51555. Let p be (x/(-150) - 4/(-30)) + -2. Let s = p - -296. What is the greatest common divisor of 15 and s?
15
Let f = -24 - -45. Suppose 0 = -11*b + 4*b + f. Suppose b*j = -2*j + r + 106, 26 = j + r. Calculate the highest common factor of j and 2.
2
Let g be (911 - 1)/(17/34). Suppose -19*u = -5*u - g. What is the greatest common divisor of 78 and u?
26
Suppose -2*o = -5*z - 1111, 2*z - 1131 = -2*o - 13. What is the highest common divisor of o and 18?
18
Suppose 492 = 1807*d - 1805*d. Let i(t) = t**2 + 6*t + 1. Let b be i(-10). Calculate the highest common factor of b and d.
41
Suppose -9*z = -3*z - 510. Suppose 0 = 3*w - 50 - z. Let n = w + -35. What is the highest common divisor of n and 10?
10
Let i = 7004 - 6872. Calculate the highest common factor of i and 1254.
66
Let q(n) = 76 - 26*n + 8*n + 15*n. Let b be q(3). What is the highest common divisor of 335 and b?
67
Let q(d) = -20*d - 6. Let s be q(-2). Let k be (s/(-6))/(1*(-4)/12). Suppose k*p - 220 = 13*p. Calculate the highest common factor of 5 and p.
5
Suppose -3*i + 549 = 2*k - 129, 4*k + 212 = i. Let s be 19 - (-3 - -9) - (-3)/3. Calculate the greatest common factor of i and s.
14
Let j(r) = r**2 - 21*r - 2. Let a be j(-14). Suppose 166 = 8*l - 322. Calculate the greatest common divisor of a and l.
61
Let k be (-25)/(-2 + 7) + 8. Calculate the greatest common divisor of k and 41.
1
Let h(f) = -f**2 - 15*f + 34. Let k be h(-17). Suppose k = 5*z - 4 - 1, c - 4*z = 0. Suppose 7*r - c*r = 102. What is the highest common factor of 17 and r?
17
Let i(m) be the second derivative of 14*m + 1/12*m**4 + 1/2*m**3 + 13/2*m**2 + 0. Let l be i(10). Calculate the highest common factor of 13 and l.
13
Let l(m) = 61*m + 17 - 36*m - 33*m. Let c be l(0). Suppose c*j - 10*j - 35 = 0. What is the greatest common factor of 45 and j?
5
Suppose 302*j = 316*j - 546. Let n = 209 + -144. What is the greatest common divisor of n and j?
13
Let f = 26384 + -26306. What is the greatest common divisor of f and 1378?
26
Suppose 120 = 30*o - 26*o. Let i = -26 + o. Let f = 27 - 15. Calculate the highest common factor of f and i.
4
Let n be ((-9)/(-2))/(3/100). Suppose -3*a = 15, u + 64*a - 66*a = 260. Calculate the greatest common factor of u and n.
50
Let d(p) = p**3 + 8*p**2 + 12. Let t be d(-8). Let l be (t/(-15))/(20/(-150)). Calculate the greatest common divisor of 102 and l.
6
Suppose 5*h = -46 - 34. Let a = h + 23. Suppose 12 = -30*m + 19 + 23. What is the highest common divisor of a and m?
1
Let y(q) = -2*q**3 - 20*q**2 - 27*q + 36. Let l be y(-12). Let h be l/5 - (-27)/(-135). Suppose 3*f = -2*f + 55. What is the highest common factor of h and f?
11
Suppose 294*z = 279*z + 1245. Calculate the highest common divisor of 6557 and z.
83
Suppose 9*c - 29 - 34 = 0. Suppose 141 - 358 = -c*j. Calculate the highest common divisor of j and 31.
31
Suppose 2*d = -d + 204. Suppose -3*j + 2*f = 911, 2*j = 5*f + 326 - 937. Let i be (-1717)/j*(2 - (-1 - 0)). What is the highest common factor of d and i?
17
Let f = -10574 + 11069. Calculate the highest common factor of 705 and f.
15
Let y(i) = 2*i**3 - 18*i**2 - 55*i + 590. Let f be y(9). Calculate the greatest common divisor of f and 2546.
19
Suppose 5*y + 77 = 3*i, i + 7*y = 2*y + 19. Let g = 54 - 29. Suppose -19*n - 96 = -g*n. What is the greatest common factor of n and i?
8
Let j(z) = 84*z + 4170. Let p be j(-46). Calculate the greatest common factor of p and 24.
6
Suppose -2*l - 3*l = -10. Suppose -42*x + 14*x - 50*x + 390 = 0. Suppose -l*m = 2*w - 92, -164 = m - x*m + w. Calculate the greatest common factor of 70 and m.
14
Let z be ((-444)/(-8))/((-11)/(770/(-21))). Let y = -199 - -236. What is the greatest common factor of y and z?
37
Suppose 3*k = -2*u + 6965, 5*k - 3*u = 3582 + 8058. What is